{"id":42,"date":"2020-12-29T00:21:01","date_gmt":"2020-12-28T23:21:01","guid":{"rendered":"https:\/\/www.kuruc.sk\/?page_id=42"},"modified":"2020-12-29T21:34:30","modified_gmt":"2020-12-29T20:34:30","slug":"kontakt","status":"publish","type":"page","link":"https:\/\/www.kuruc.sk\/?page_id=42","title":{"rendered":"kontakt"},"content":{"rendered":"\n\n\n<div class=\"wp-block-columns is-layout-flex wp-container-core-columns-layout-1 wp-block-columns-is-layout-flex\">\n<div class=\"wp-block-column is-layout-flow wp-block-column-is-layout-flow\">\n<p>Faktura\u010dn\u00e9 data:<\/p>\n\n\n\n<p>Kuruc Company spol. s r.o.<\/p>\n\n\n\n<p>393&nbsp; Velk\u00e9&nbsp; Lovce&nbsp; 941 42<\/p>\n\n\n\n<p>Slovakia<\/p>\n\n\n\n<p>DPH SK 2020144907<\/p>\n\n\n\n<p>Prev\u00e1dzka :<\/p>\n\n\n\n<p>Nitrianska 59<\/p>\n\n\n\n<p>\u0160urany 942 01<\/p>\n\n\n\n<p>Slovakia<\/p>\n\n\n\n<p>tel: ++421 35 650 80 30<\/p>\n\n\n\n<p>mail : kuruc + kuruc.sk<\/p>\n<\/div>\n\n\n\n<div class=\"wp-block-column is-layout-flow wp-block-column-is-layout-flow\">\n<figure class=\"wp-block-image size-large\"><img loading=\"lazy\" decoding=\"async\" width=\"1024\" height=\"680\" src=\"https:\/\/www.kuruc.sk\/wp-content\/uploads\/2020\/12\/DSC_4333-1-1024x680.jpg\" alt=\"\" class=\"wp-image-127\" srcset=\"https:\/\/www.kuruc.sk\/wp-content\/uploads\/2020\/12\/DSC_4333-1-1024x680.jpg 1024w, https:\/\/www.kuruc.sk\/wp-content\/uploads\/2020\/12\/DSC_4333-1-300x199.jpg 300w, https:\/\/www.kuruc.sk\/wp-content\/uploads\/2020\/12\/DSC_4333-1-768x510.jpg 768w, https:\/\/www.kuruc.sk\/wp-content\/uploads\/2020\/12\/DSC_4333-1-1536x1020.jpg 1536w, https:\/\/www.kuruc.sk\/wp-content\/uploads\/2020\/12\/DSC_4333-1-2048x1360.jpg 2048w\" sizes=\"(max-width: 1024px) 100vw, 1024px\" \/><figcaption>Prev\u00e1dzka \u0160urany<\/figcaption><\/figure>\n\n\n\n<p>Pracovn\u00e1 doba.<\/p>\n\n\n\n<p>Pondelok     a\u017e     piatok<\/p>\n\n\n\n<p>od 7 do 16 hod<\/p>\n\n\n\n<p>sobota :<\/p>\n\n\n\n<p>len dohodnut\u00fd v\u00fddaj tovaru<\/p>\n<\/div>\n<\/div>\n","protected":false},"excerpt":{"rendered":"<p>Faktura\u010dn\u00e9 data: Kuruc Company spol. s r.o. 393&nbsp; Velk\u00e9&nbsp; Lovce&nbsp; 941 42 Slovakia DPH SK 2020144907 Prev\u00e1dzka : Nitrianska 59 \u0160urany 942 01 Slovakia tel: ++421 35 650 80 30 mail : kuruc + [&hellip;]<\/p>\n","protected":false},"author":1,"featured_media":0,"parent":0,"menu_order":0,"comment_status":"closed","ping_status":"closed","template":"","meta":{"_monsterinsights_skip_tracking":false,"_monsterinsights_sitenote_active":false,"_monsterinsights_sitenote_note":"","_monsterinsights_sitenote_category":0,"footnotes":""},"yoast_head":"<!-- This site is optimized with the Yoast SEO plugin v22.9 - https:\/\/yoast.com\/wordpress\/plugins\/seo\/ -->\n<title>kontakt - www.kuruc.sk<\/title>\n<meta name=\"robots\" content=\"index, follow, max-snippet:-1, max-image-preview:large, max-video-preview:-1\" \/>\n<link rel=\"canonical\" href=\"https:\/\/www.kuruc.sk\/?page_id=42\" \/>\n<meta property=\"og:locale\" content=\"sk_SK\" \/>\n<meta property=\"og:type\" content=\"article\" \/>\n<meta property=\"og:title\" content=\"kontakt - www.kuruc.sk\" \/>\n<meta property=\"og:description\" content=\"Faktura\u010dn\u00e9 data: Kuruc Company spol. s r.o. 393&nbsp; Velk\u00e9&nbsp; Lovce&nbsp; 941 42 Slovakia DPH SK 2020144907 Prev\u00e1dzka : Nitrianska 59 \u0160urany 942 01 Slovakia tel: ++421 35 650 80 30 mail : kuruc + [&hellip;]\" \/>\n<meta property=\"og:url\" content=\"https:\/\/www.kuruc.sk\/?page_id=42\" \/>\n<meta property=\"og:site_name\" content=\"www.kuruc.sk\" \/>\n<meta property=\"article:modified_time\" content=\"2020-12-29T20:34:30+00:00\" \/>\n<meta property=\"og:image\" content=\"https:\/\/www.kuruc.sk\/wp-content\/uploads\/2020\/12\/DSC_4333-1-1024x680.jpg\" \/>\n<meta name=\"twitter:card\" content=\"summary_large_image\" \/>\n<script type=\"application\/ld+json\" class=\"yoast-schema-graph\">{\"@context\":\"https:\/\/schema.org\",\"@graph\":[{\"@type\":\"WebPage\",\"@id\":\"https:\/\/www.kuruc.sk\/?page_id=42\",\"url\":\"https:\/\/www.kuruc.sk\/?page_id=42\",\"name\":\"kontakt - www.kuruc.sk\",\"isPartOf\":{\"@id\":\"https:\/\/www.kuruc.sk\/#website\"},\"primaryImageOfPage\":{\"@id\":\"https:\/\/www.kuruc.sk\/?page_id=42#primaryimage\"},\"image\":{\"@id\":\"https:\/\/www.kuruc.sk\/?page_id=42#primaryimage\"},\"thumbnailUrl\":\"https:\/\/www.kuruc.sk\/wp-content\/uploads\/2020\/12\/DSC_4333-1-1024x680.jpg\",\"datePublished\":\"2020-12-28T23:21:01+00:00\",\"dateModified\":\"2020-12-29T20:34:30+00:00\",\"breadcrumb\":{\"@id\":\"https:\/\/www.kuruc.sk\/?page_id=42#breadcrumb\"},\"inLanguage\":\"sk-SK\",\"potentialAction\":[{\"@type\":\"ReadAction\",\"target\":[\"https:\/\/www.kuruc.sk\/?page_id=42\"]}]},{\"@type\":\"ImageObject\",\"inLanguage\":\"sk-SK\",\"@id\":\"https:\/\/www.kuruc.sk\/?page_id=42#primaryimage\",\"url\":\"https:\/\/www.kuruc.sk\/wp-content\/uploads\/2020\/12\/DSC_4333-1-scaled.jpg\",\"contentUrl\":\"https:\/\/www.kuruc.sk\/wp-content\/uploads\/2020\/12\/DSC_4333-1-scaled.jpg\",\"width\":2560,\"height\":1700},{\"@type\":\"BreadcrumbList\",\"@id\":\"https:\/\/www.kuruc.sk\/?page_id=42#breadcrumb\",\"itemListElement\":[{\"@type\":\"ListItem\",\"position\":1,\"name\":\"Home\",\"item\":\"https:\/\/www.kuruc.sk\/\"},{\"@type\":\"ListItem\",\"position\":2,\"name\":\"kontakt\"}]},{\"@type\":\"WebSite\",\"@id\":\"https:\/\/www.kuruc.sk\/#website\",\"url\":\"https:\/\/www.kuruc.sk\/\",\"name\":\"www.kuruc.sk\",\"description\":\"Recycling technology for real life\",\"publisher\":{\"@id\":\"https:\/\/www.kuruc.sk\/#organization\"},\"potentialAction\":[{\"@type\":\"SearchAction\",\"target\":{\"@type\":\"EntryPoint\",\"urlTemplate\":\"https:\/\/www.kuruc.sk\/?s={search_term_string}\"},\"query-input\":\"required name=search_term_string\"}],\"inLanguage\":\"sk-SK\"},{\"@type\":\"Organization\",\"@id\":\"https:\/\/www.kuruc.sk\/#organization\",\"name\":\"Kuruc Company spol. s r.o\",\"url\":\"https:\/\/www.kuruc.sk\/\",\"logo\":{\"@type\":\"ImageObject\",\"inLanguage\":\"sk-SK\",\"@id\":\"https:\/\/www.kuruc.sk\/#\/schema\/logo\/image\/\",\"url\":\"https:\/\/www.kuruc.sk\/wp-content\/uploads\/2021\/01\/slide0013_image038.jpg\",\"contentUrl\":\"https:\/\/www.kuruc.sk\/wp-content\/uploads\/2021\/01\/slide0013_image038.jpg\",\"width\":138,\"height\":65,\"caption\":\"Kuruc Company spol. s r.o\"},\"image\":{\"@id\":\"https:\/\/www.kuruc.sk\/#\/schema\/logo\/image\/\"}}]}<\/script>\n<!-- \/ Yoast SEO plugin. -->","yoast_head_json":{"title":"kontakt - www.kuruc.sk","robots":{"index":"index","follow":"follow","max-snippet":"max-snippet:-1","max-image-preview":"max-image-preview:large","max-video-preview":"max-video-preview:-1"},"canonical":"https:\/\/www.kuruc.sk\/?page_id=42","og_locale":"sk_SK","og_type":"article","og_title":"kontakt - www.kuruc.sk","og_description":"Faktura\u010dn\u00e9 data: Kuruc Company spol. s r.o. 393&nbsp; Velk\u00e9&nbsp; Lovce&nbsp; 941 42 Slovakia DPH SK 2020144907 Prev\u00e1dzka : Nitrianska 59 \u0160urany 942 01 Slovakia tel: ++421 35 650 80 30 mail : kuruc + [&hellip;]","og_url":"https:\/\/www.kuruc.sk\/?page_id=42","og_site_name":"www.kuruc.sk","article_modified_time":"2020-12-29T20:34:30+00:00","og_image":[{"url":"https:\/\/www.kuruc.sk\/wp-content\/uploads\/2020\/12\/DSC_4333-1-1024x680.jpg"}],"twitter_card":"summary_large_image","schema":{"@context":"https:\/\/schema.org","@graph":[{"@type":"WebPage","@id":"https:\/\/www.kuruc.sk\/?page_id=42","url":"https:\/\/www.kuruc.sk\/?page_id=42","name":"kontakt - www.kuruc.sk","isPartOf":{"@id":"https:\/\/www.kuruc.sk\/#website"},"primaryImageOfPage":{"@id":"https:\/\/www.kuruc.sk\/?page_id=42#primaryimage"},"image":{"@id":"https:\/\/www.kuruc.sk\/?page_id=42#primaryimage"},"thumbnailUrl":"https:\/\/www.kuruc.sk\/wp-content\/uploads\/2020\/12\/DSC_4333-1-1024x680.jpg","datePublished":"2020-12-28T23:21:01+00:00","dateModified":"2020-12-29T20:34:30+00:00","breadcrumb":{"@id":"https:\/\/www.kuruc.sk\/?page_id=42#breadcrumb"},"inLanguage":"sk-SK","potentialAction":[{"@type":"ReadAction","target":["https:\/\/www.kuruc.sk\/?page_id=42"]}]},{"@type":"ImageObject","inLanguage":"sk-SK","@id":"https:\/\/www.kuruc.sk\/?page_id=42#primaryimage","url":"https:\/\/www.kuruc.sk\/wp-content\/uploads\/2020\/12\/DSC_4333-1-scaled.jpg","contentUrl":"https:\/\/www.kuruc.sk\/wp-content\/uploads\/2020\/12\/DSC_4333-1-scaled.jpg","width":2560,"height":1700},{"@type":"BreadcrumbList","@id":"https:\/\/www.kuruc.sk\/?page_id=42#breadcrumb","itemListElement":[{"@type":"ListItem","position":1,"name":"Home","item":"https:\/\/www.kuruc.sk\/"},{"@type":"ListItem","position":2,"name":"kontakt"}]},{"@type":"WebSite","@id":"https:\/\/www.kuruc.sk\/#website","url":"https:\/\/www.kuruc.sk\/","name":"www.kuruc.sk","description":"Recycling technology for real life","publisher":{"@id":"https:\/\/www.kuruc.sk\/#organization"},"potentialAction":[{"@type":"SearchAction","target":{"@type":"EntryPoint","urlTemplate":"https:\/\/www.kuruc.sk\/?s={search_term_string}"},"query-input":"required name=search_term_string"}],"inLanguage":"sk-SK"},{"@type":"Organization","@id":"https:\/\/www.kuruc.sk\/#organization","name":"Kuruc Company spol. s r.o","url":"https:\/\/www.kuruc.sk\/","logo":{"@type":"ImageObject","inLanguage":"sk-SK","@id":"https:\/\/www.kuruc.sk\/#\/schema\/logo\/image\/","url":"https:\/\/www.kuruc.sk\/wp-content\/uploads\/2021\/01\/slide0013_image038.jpg","contentUrl":"https:\/\/www.kuruc.sk\/wp-content\/uploads\/2021\/01\/slide0013_image038.jpg","width":138,"height":65,"caption":"Kuruc Company spol. s r.o"},"image":{"@id":"https:\/\/www.kuruc.sk\/#\/schema\/logo\/image\/"}}]}},"_links":{"self":[{"href":"https:\/\/www.kuruc.sk\/index.php?rest_route=\/wp\/v2\/pages\/42"}],"collection":[{"href":"https:\/\/www.kuruc.sk\/index.php?rest_route=\/wp\/v2\/pages"}],"about":[{"href":"https:\/\/www.kuruc.sk\/index.php?rest_route=\/wp\/v2\/types\/page"}],"author":[{"embeddable":true,"href":"https:\/\/www.kuruc.sk\/index.php?rest_route=\/wp\/v2\/users\/1"}],"replies":[{"embeddable":true,"href":"https:\/\/www.kuruc.sk\/index.php?rest_route=%2Fwp%2Fv2%2Fcomments&post=42"}],"version-history":[{"count":5,"href":"https:\/\/www.kuruc.sk\/index.php?rest_route=\/wp\/v2\/pages\/42\/revisions"}],"predecessor-version":[{"id":128,"href":"https:\/\/www.kuruc.sk\/index.php?rest_route=\/wp\/v2\/pages\/42\/revisions\/128"}],"wp:attachment":[{"href":"https:\/\/www.kuruc.sk\/index.php?rest_route=%2Fwp%2Fv2%2Fmedia&parent=42"}],"curies":[{"name":"wp","href":"https:\/\/api.w.org\/{rel}","templated":true}]}}